nd 40?
5
Let d = -23 - -32. Calculate the highest common divisor of d and 9.
9
Suppose -j = -5 - 3. Let a(d) = -224*d**2 - 2*d + 1. Let u be a(1). Let b = -161 - u. What is the highest common factor of b and j?
8
Suppose 2 = -t + 5. Let l be 44*-1*t/(-6). Let n be (-1695)/(-7) - 8/56. What is the highest common divisor of n and l?
22
Suppose -3*n = 1 + 5. Let u be n/4*(-1 + -5). What is the greatest common factor of 1 and u?
1
Let o(m) = m**2 + 12*m + 16. Let d be o(-11). What is the highest common divisor of 45 and d?
5
Suppose 3*p - p - 16 = 0. Suppose d - 3*d + 80 = 0. What is the highest common divisor of d and p?
8
Suppose 4*p + 273 = 11*p. What is the highest common factor of 312 and p?
39
Let f(s) = 3*s**2 + 7*s - 8. Let l be f(4). What is the highest common divisor of 17 and l?
17
Let y(r) = 3*r**2 + 2*r + 3. Let b be y(-2). What is the greatest common factor of b and 55?
11
Let u be (-19 + -5)*(-6)/8. Calculate the highest common factor of u and 162.
18
Suppose -34 = -u - 5*w, 4*u - 3*w - 48 = 42. Suppose u = 3*m - 0*m. Calculate the highest common divisor of m and 4.
4
Suppose 0 = 3*d - d - 44. Let y(j) = j**2 - j + 2. Let v be y(2). Let m = v + -2. What is the highest common divisor of d and m?
2
Let h(u) = -u**3 + 2*u + 64. Let a be h(0). Calculate the greatest common factor of a and 16.
16
Suppose 4*j - 5 = 7. Suppose -4*u + 40 = -j*u. Calculate the highest common factor of u and 5.
5
Suppose 16 + 5 = v. Suppose 5 = 2*o - 0*y - y, -y - 7 = -3*o. Let c(b) = 2*b**2 - 4*b + 3. Let i be c(o). Calculate the greatest common divisor of i and v.
3
Let a(w) = -w + 6. Let d be a(3). Suppose -d*q - q = -128. Calculate the highest common divisor of 48 and q.
16
Let d be ((-1)/(-2))/((-2)/(-288)). Let w be 12/(-15)*55/(-2). Suppose -3*t = -2 - w. What is the greatest common divisor of t and d?
8
Suppose -i + 8 + 16 = 0. Suppose 0 = -2*r + 2*z + 30, 3*z - 9 = -3*r + 18. Calculate the highest common factor of r and i.
12
Suppose 2*k + 3*i - 7*i - 20 = 0, 0 = 2*k + 4*i - 60. What is the highest common factor of k and 4?
4
Let m be ((-300)/(-70))/((-2)/(-56)). What is the greatest common factor of m and 15?
15
Suppose 0 = -3*z + 5*t + 59, 3*z + 7*t - 11*t = 64. Suppose -9 = -3*q + q + i, i = 5. Let w be 3*q*4/6. Calculate the greatest common factor of z and w.
14
Suppose -5*w + 48 + 8 = 4*o, -5*w = -2*o - 2. Let n be -1 - (o*-3 - 2). What is the greatest common factor of 4 and n?
4
Let d be (6 - 7)/(1/8). Let v be (-334)/d + (-2)/(-8). Let z = -10 - -16. Calculate the highest common factor of z and v.
6
Let u be 0 - 0 - (3 + -5). Suppose -3*y - u*y + 35 = 0. Suppose a = 5 + y. What is the highest common divisor of a and 108?
12
Let m = 1 - 0. Let h be 1/(31/(-22) - (-3)/2). Calculate the greatest common factor of h and m.
1
Let p(c) = c**2 - 7*c + 2. Let k be p(3). Let r = -17 - k. Let z(a) = -a**2 - 9*a - 7. Let h be z(r). Calculate the highest common divisor of 77 and h.
7
Let j(r) be the second derivative of -3*r + 0 - 1/2*r**3 + 5/3*r**4 + 3/2*r**2. Let q be j(2). Calculate the greatest common factor of 11 and q.
11
Let k(h) be the third derivative of -h**6/120 + h**5/15 + 7*h**4/24 - 5*h**3/3 - 2*h**2. Let c be k(4). What is the highest common divisor of c and 27?
9
Let q(a) = a**3 - 5*a**2 + a + 3. Let l be q(4). Let z be (-434)/(-6) + 3/l. What is the highest common factor of 9 and z?
9
Suppose 3*a = -3*i + 171, i - 29 = 5*a + 46. What is the highest common divisor of i and 12?
12
Suppose 0 = 3*k - 2*k - 44. What is the highest common factor of 11 and k?
11
Suppose 0 = -4*c + 5*r + 76, -r - 108 = -5*c + 2*r. What is the greatest common factor of c and 24?
24
Suppose z = -3*i + 2*z + 176, 0 = -3*i + 4*z + 191. Calculate the highest common factor of 19 and i.
19
Let v be (-15)/25 - 86/(-10). What is the greatest common factor of v and 8?
8
Suppose -3 = -u + 1. Let k be 1 - (-3 + (-176)/u). What is the greatest common factor of k and 12?
12
Let r = 80 - -200. What is the highest common factor of 112 and r?
56
Let s = 21 - 10. Let t = s - 6. Suppose -t*l + l = -40. Calculate the greatest common divisor of 70 and l.
10
Let a = -10 + 15. Suppose -4*s = a - 45. What is the highest common factor of 30 and s?
10
Suppose s - 8 = -u - 1, -5*s = 4*u - 32. Calculate the greatest common divisor of u and 6.
3
Let f = 158 - 78. Suppose m = 2*w - 5, -2*w + m + 2*m + 15 = 0. Suppose w = -3*z + 11 + 19. What is the greatest common factor of f and z?
10
Suppose 2*c + 8 = -2*c, -2*c + 8 = 2*y. Let f = -9 - -11. Calculate the greatest common divisor of f and y.
2
Suppose 0 = -5*z - 10 + 40. Let q = 6 + 2. Let f be 6/q*(18 - -2). Calculate the highest common divisor of z and f.
3
Suppose 5*k - 5*l = 195, 3*k + 2*k + 4*l = 240. Let m = -23 + k. Calculate the greatest common divisor of 147 and m.
21
Suppose -6 - 4 = -5*p. Let x(f) = -f**2 + 2*f + 3. Let a be x(3). Let o = p + a. What is the highest common factor of 4 and o?
2
Suppose 5*f - 4 = -24, 3*f + 67 = 5*w. Calculate the greatest common factor of 22 and w.
11
Let f be 3/((-9)/(-6))*19. Let q(s) = -s**2 - 16*s - 7. Let x be q(-8). What is the greatest common factor of x and f?
19
Let z be 104 - 1/((-4)/(-4)). Let n = z - -32. What is the greatest common divisor of 15 and n?
15
Let z = -12 - -17. What is the greatest common divisor of 15 and z?
5
Let a = -61 + 90. Let p(t) = 10*t - 11*t - a*t. Let l be p(-1). What is the highest common factor of l and 10?
10
Let j = -16 - -81. Let v(i) = 9*i + 1. Let d be v(1). Let z(w) = 2*w - 7. Let c be z(d). What is the greatest common divisor of c and j?
13
Suppose -7*l + 5*l = -16. Calculate the highest common divisor of 8 and l.
8
Suppose -x = -0*x - 8. Suppose -13*q + 168 = -6*q. Calculate the highest common divisor of q and x.
8
Let j = 8 - -9. Suppose -4*l + 3 = -r, -j = -3*r + 5*l - 5. What is the highest common factor of r and 9?
9
Suppose 5*a = -5*b + 3*a + 70, -4*b = -3*a - 56. Let i be 164/b + (-6)/(-21). What is the highest common divisor of i and 84?
12
Let q be (-6)/9 - (-124)/6. Suppose -q = -5*v + 3*r, 0*r = -3*r - 15. What is the greatest common divisor of 1 and v?
1
Suppose -3*t = t - 136. What is the highest common factor of t and 17?
17
Let b = 199 - 163. Suppose -5*t = 3*c - 10*t - 22, -2*c = -2*t - 12. What is the highest common divisor of c and b?
4
Suppose -i + 284 = i. Suppose 4*q = i - 58. What is the highest common divisor of q and 14?
7
Suppose 5*t - 11 = g, -5*g - t + 28 = 5. Suppose 4*l - 4*x + 3*x = 17, 4*l + g*x = -8. Suppose 22 = -4*a + 82. Calculate the greatest common factor of a and l.
3
Let u(z) = -73*z - 2. Let p(g) = -1. Let r(i) = 4*p(i) - u(i). Let v be r(2). What is the highest common factor of 16 and v?
16
Let k = 2 + -8. Let u be 1*3/k*-2. What is the highest common factor of 3 and u?
1
Suppose 3*i = -13 + 4, -3*i - 54 = -5*r. Let l be (-43)/1 - (-1 + -2). Let s = l - -112. Calculate the highest common factor of s and r.
9
Suppose 0 = 10*y - 1271 - 599. What is the greatest common factor of 17 and y?
17
Suppose -s = 0, -7 + 96 = d + s. Let j = -44 + d. Calculate the greatest common divisor of 30 and j.
15
Let l be ((-684)/16)/9*(-8)/2. Let f(d) = d**3 + d**2 - d + 171. Let v be f(0). What is the highest common divisor of l and v?
19
Suppose 0 = 5*u - 11 - 4. Suppose -d - 16 = -u*d. Suppose 0 = 3*y - 63 - 129. Calculate the greatest common divisor of d and y.
8
Suppose 3*d = 3*s - 17 + 2, 0 = -2*d + 6. Suppose -4*y - s = -8*y. Let p(a) = 4*a + 2. Let c be p(3). Calculate the greatest common factor of y and c.
2
Suppose b - 85 + 16 = 0. Suppose 36 = 3*i - b. Calculate the highest common factor of i and 14.
7
Suppose 2*l - 1 = 5. Let q = 6 - 1. Let t = -2 + q. What is the highest common divisor of l and t?
3
Let k(b) = 4*b**2 - 3*b - 8. Let d(x) = -3*x**2 + 2*x + 9. Let s(o) = 3*d(o) + 2*k(o). Let i be s(0). What is the highest common divisor of i and 77?
11
Suppose -2*g = 2*s - 4 + 2, -5*s + g - 1 = 0. Suppose 2*l - c - 245 + 63 = s, l + 4*c - 82 = 0. What is the highest common divisor of 10 and l?
10
Let k = 46 + -28. Suppose 2*f = k + 32. Suppose 6*r - f = r. What is the greatest common divisor of r and 20?
5
Let b = -5 + 15. What is the highest common divisor of 30 and b?
10
Let o be (-4)/(-2 - 18/(-8)). Let q be (36/o)/((-